 56 a factor of 1766809?
False
Is 402 a factor of 1310118?
True
Is 1076500 a multiple of 35?
False
Is 51 a factor of 27347715?
False
Does 761 divide 2182606?
False
Is 1711362 a multiple of 115?
False
Does 12 divide 3551376?
True
Is 3106660 a multiple of 1774?
False
Is 3 a factor of 704907?
True
Does 20 divide 986940?
True
Is 188 a factor of 128775?
False
Is 5391773 a multiple of 368?
False
Is 58 a factor of 1366274?
False
Does 19 divide 631925?
False
Does 61 divide 1138561?
False
Does 12 divide 821059?
False
Does 68 divide 123606?
False
Is 182 a factor of 1684666?
False
Is 3048147 a multiple of 420?
False
Is 9822186 a multiple of 1243?
True
Is 13 a factor of 374179?
True
Is 219 a factor of 5590475?
False
Does 355 divide 1566615?
True
Does 332 divide 1507944?
True
Is 470 a factor of 323043?
False
Is 10 a factor of 771455?
False
Does 637 divide 19984601?
True
Is 64048 a multiple of 56?
False
Is 138253 a multiple of 42?
False
Is 764994 a multiple of 59?
True
Is 374257 a multiple of 132?
False
Is 107 a factor of 242600?
False
Is 3345063 a multiple of 169?
False
Does 871 divide 989974?
False
Is 3060478 a multiple of 883?
True
Is 5 a factor of 6110227?
False
Does 128 divide 1393408?
True
Is 25 a factor of 1775275?
True
Is 64446 a multiple of 138?
True
Is 1436905 a multiple of 11?
False
Does 124 divide 549009?
False
Does 15 divide 441661?
False
Does 690 divide 11730?
True
Does 8 divide 6104504?
True
Is 557 a factor of 641664?
True
Is 574444 a multiple of 24?
False
Is 89622 a multiple of 39?
True
Does 32 divide 38272?
True
Is 2187602 a multiple of 59?
True
Does 24 divide 14328?
True
Is 29015 a multiple of 13?
False
Is 408940 a multiple of 3?
False
Does 8 divide 15320?
True
Does 107 divide 540134?
False
Does 144 divide 3790800?
True
Does 225 divide 71775?
True
Is 931230 a multiple of 270?
True
Is 3745455 a multiple of 6?
False
Is 122211 a multiple of 111?
True
Is 2489006 a multiple of 26?
True
Is 30952 a multiple of 106?
True
Is 328 a factor of 2303094?
False
Is 1055562 a multiple of 26?
False
Does 27 divide 4824090?
True
Is 45 a factor of 92707?
False
Is 57 a factor of 1302279?
True
Is 18071733 a multiple of 218?
False
Does 55 divide 3375445?
False
Is 16427 a multiple of 3?
False
Is 281752 a multiple of 328?
True
Is 1847418 a multiple of 12?
False
Does 33 divide 5990691?
False
Is 16 a factor of 429366?
False
Is 23 a factor of 12423077?
False
Does 31 divide 599294?
False
Does 18 divide 422640?
True
Is 223 a factor of 214916?
False
Is 777129 a multiple of 496?
False
Is 13 a factor of 818941?
False
Is 512924 a multiple of 397?
True
Is 642026 a multiple of 379?
True
Is 283625 a multiple of 125?
True
Is 51 a factor of 86904?
True
Is 1764234 a multiple of 27?
True
Is 2546 a multiple of 38?
True
Is 64 a factor of 18688?
True
Does 51 divide 115209?
True
Does 72 divide 1988424?
True
Is 3708264 a multiple of 21?
True
Does 13 divide 102336?
True
Is 67494 a multiple of 42?
True
Is 5233466 a multiple of 322?
True
Does 92 divide 6440?
True
Is 24 a factor of 1707918?
False
Is 198730 a multiple of 167?
True
Is 7866 a multiple of 342?
True
Does 183 divide 566568?
True
Is 3938991 a multiple of 551?
False
Is 19249 a multiple of 49?
False
Is 144536 a multiple of 29?
True
Is 3847194 a multiple of 6?
True
Is 596221 a multiple of 28?
False
Is 665 a factor of 327766?
False
Is 22 a factor of 938701?
False
Is 186385 a multiple of 62?
False
Is 176 a factor of 1280576?
True
Is 2682498 a multiple of 78?
True
Is 536 a factor of 357367?
False
Is 198376 a multiple of 274?
True
Is 441409 a multiple of 7?
False
Does 206 divide 1290367?
False
Is 64900 a multiple of 11?
True
Is 43 a factor of 52055?
False
Is 508 a factor of 3710354?
False
Is 381555 a multiple of 549?
True
Does 1023 divide 3613236?
True
Does 14 divide 592214?
True
Is 98 a factor of 273322?
True
Is 51803 a multiple of 2?
False
Is 2288 a factor of 21987680?
True
Does 76 divide 2208484?
True
Is 8 a factor of 932208?
True
Does 126 divide 1972509?
False
Does 5 divide 21215?
True
Is 74986 a multiple of 17?
False
Is 240 a factor of 10169520?
True
Is 31 a factor of 1269737?
False
Is 33 a factor of 2103111?
False
Is 119168 a multiple of 49?
True
Is 39093 a multiple of 249?
True
Does 94 divide 954194?
True
Does 24 divide 523847?
False
Is 2269722 a multiple of 6?
True
Is 7714872 a multiple of 191?
True
Is 1049370 a multiple of 190?
True
Is 31285 a multiple of 5?
True
Is 19037 a multiple of 78?
False
Is 362614 a multiple of 59?
True
Is 2153 a factor of 9636550?
False
Is 4545904 a multiple of 1012?
True
Is 30 a factor of 187380?
True
Is 46 a factor of 7832834?
True
Is 11 a factor of 1374659?
True
Does 77 divide 4148067?
True
Does 11 divide 24479540?
False
Is 2469835 a multiple of 7?
False
Is 265809 a multiple of 753?
True
Is 2242758 a multiple of 1407?
True
Is 12412548 a multiple of 46?
True
Is 303 a factor of 618392?
False
Is 174524 a multiple of 66?
False
Is 1925937 a multiple of 19?
False
Does 9 divide 53460?
True
Does 33 divide 225655?
False
Is 2197880 a multiple of 920?
True
Is 514 a factor of 3959856?
True
Is 2701184 a multiple of 128?
True
Does 34 divide 147952?
False
Does 330 divide 2835030?
True
Does 277 divide 9588576?
False
Is 30 a factor of 227490?
True
Is 523 a factor of 6624318?
True
Is 987530 a multiple of 557?
False
Does 2 divide 228?
True
Does 106 divide 477615?
False
Is 8 a factor of 3304989?
False
Is 1651846 a multiple of 125?
False
Is 3 a factor of 88871?
False
Is 4095765 a multiple of 797?
False
Does 3 divide 323383?
False
Is 3209366 a multiple of 78?
False
Does 61 divide 13718?
False
Does 25 divide 1792150?
True
Is 6456270 a multiple of 451?
False
Is 7 a factor of 1868961?
False
Is 540132 a multiple of 276?
True
Is 16657003 a multiple of 639?
False
Does 42 divide 616586?
False
Does 4 divide 83101?
False
Is 616464 a multiple of 18?
True
Is 1476840 a multiple of 397?
True
Does 60 divide 10083146?
False
Is 3096018 a multiple of 119?
False
Is 13 a factor of 9759490?
True
Does 7 divide 5094183?
False
Is 27 a factor of 1269?
True
Is 33 a factor of 128403?
True
Is 41715 even?
False
Is 94 a factor of 17728776?
True
Is 502490 a multiple of 7?
False
Does 721 divide 7008915?
False
Is 7561389 a multiple of 11?
True
Is 146754 a multiple of 59?
False
Is 14 a factor of 76552?
True
Does 890 divide 9288193?
False
Is 32 a factor of 763328?
True
Is 11086849 a multiple of 68?
False
Is 12 a factor of 53244?
True
Does 327 divide 157938?
False
Is 11 a factor of 147148?
False
Is 28 a factor of 96628?
True
Is 71 a factor of 70077?
True
Does 329 divide 394138?
False
Is 79690 a multiple of 26?
True
Does 202 divide 1293089?
False
Is 21 a factor of 248535?
True
Is 7 a factor of 66108?
True
Is 113776 a multiple of 6?
False
Is 26 a factor of 293522?
False
Is 3 a factor of 7192532?
False
Is 36 a factor of 82404?
True
Does 16 divide 7489344?
True
Is 444804 a multiple of 101?
True
Is 4508397 a multiple of 27?
False
Is 988610 a multiple of 58?
True
Is 269104 a multiple of 121?
True
Is 77 a factor of 613433?
False
Does 48 divide 3226525?
False
Is 410 a factor of 634691?
False
Is 10 a factor of 13959339?
False
Does 164 divide 3583400?
True
Is 19 a factor of 53889?
False
Is 9619310 a multiple of 30?
False
Does 22 divide 3112824?
True
Is 736 a factor of 3310568?
False
Is 4 a factor of 400024?
True
Is 5760288 a multiple of 177?
True
Is 84018 a multiple of 22?
True
Is 263 a factor of 466814?
False
Is 209989 a multiple of 121?
False
Is 1162739 a multiple of 6?
False
Is 134 a factor of 359937?
False
Is 4258944 a multiple of 288?
True
Is 101 a factor of 764268?
False
Is 5 a factor of 172565?
True
Is 37616 a multiple of 63?
False
Is 3754047 a multiple of 847?
False
Does 28 divide 4415?
False
Is 129 a factor of 708597?
True
Is 6145700 a multiple of 110?
True
Is 7 a factor of 5372297?
True
Is 94 a factor of 77456?
True
Is 244 a factor of 1459852?
True
Does 7 divide 31185?
True
Is 120 a factor of 295440?
True
Is 625 a factor of 13143750?
True
Does 22 divide 281160?
True
Is 21 a factor of 1569687?
True
Does 7 divide 2240?
True
Is 50 a factor of 220273?
False
Is 395226 a multiple of 466?
False
Does 14 divide 295134?
True
Is 2 a factor of 27956?
True
Is 7 a factor of 276941?
True
Is 16 a factor of 1489728?
True
Is 29 a factor of 29116?
True
Does 760 divide 